{"id":89,"date":"2025-10-20T11:27:42","date_gmt":"2025-10-20T09:27:42","guid":{"rendered":"http:\/\/localhost:8888\/portfolio\/?page_id=89"},"modified":"2025-11-07T00:10:51","modified_gmt":"2025-11-06T23:10:51","slug":"carteles-para-booking-ivani","status":"publish","type":"page","link":"https:\/\/coraciuraneta.com\/index.php\/carteles-para-booking-ivani\/","title":{"rendered":"CARTELES PARA BOOKING IVANI"},"content":{"rendered":"<style>\n*{\nmargin: 0.18rem;\n}\n<\/style>\n\n\n<p class=\"has-medium-font-size\">Durante dos a\u00f1os consecutivos dise\u00f1\u00e9 los carteles promocionales de invierno para el booking de IvanI, un proyecto enfocado en la promoci\u00f3n de eventos y actuaciones.  Cada cartel represent\u00f3 una identidad visual diferente, manteniendo una est\u00e9tica potente y coherente con el estilo que buscaba el artista.<\/p>\n\n\n\n<p class=\"has-medium-font-size\">Cada cartel es una pieza \u00fanica, nacida de la mente creativa de IvanI, reflejando sus ideas y necesidades para la promoci\u00f3n de ese a\u00f1o. <\/p>\n\n\n\n<div class=\"wp-block-media-text is-stacked-on-mobile\" style=\"padding-top:var(--wp--preset--spacing--50);padding-bottom:var(--wp--preset--spacing--50)\"><figure class=\"wp-block-media-text__media\"><img loading=\"lazy\" decoding=\"async\" width=\"731\" height=\"1024\" src=\"https:\/\/coraciuraneta.com\/wp-content\/uploads\/2025\/10\/Cartell-hivern-Ivan-731x1024.jpg\" alt=\"Cartel de reservas para invierno de 2020 del DJ IvanI, con un rect\u00e1ngulo rojo externo y uno azul interno. En la parte superior aparece el texto \u201cDJ &amp; Showman\u201d. En el centro, una imagen del T\u00edo Sam se\u00f1alando con el dedo. A la derecha del T\u00edo Sam hay un sello azul desgastado con el texto \u201cReserva ya\u201d. Debajo del T\u00edo Sam se indica: \u201cIVANI booking Winter 2020. Contacto: 609183448 \/ ivani_dj@hotmail.com&quot;.\" class=\"wp-image-106 size-full\" srcset=\"https:\/\/coraciuraneta.com\/wp-content\/uploads\/2025\/10\/Cartell-hivern-Ivan-731x1024.jpg 731w, https:\/\/coraciuraneta.com\/wp-content\/uploads\/2025\/10\/Cartell-hivern-Ivan-214x300.jpg 214w, https:\/\/coraciuraneta.com\/wp-content\/uploads\/2025\/10\/Cartell-hivern-Ivan-768x1075.jpg 768w, https:\/\/coraciuraneta.com\/wp-content\/uploads\/2025\/10\/Cartell-hivern-Ivan-1097x1536.jpg 1097w, https:\/\/coraciuraneta.com\/wp-content\/uploads\/2025\/10\/Cartell-hivern-Ivan-1463x2048.jpg 1463w, https:\/\/coraciuraneta.com\/wp-content\/uploads\/2025\/10\/Cartell-hivern-Ivan.jpg 1500w\" sizes=\"auto, (max-width: 731px) 100vw, 731px\" \/><\/figure><div class=\"wp-block-media-text__content\">\n<h2 class=\"wp-block-heading has-x-large-font-size\"><strong>CARTEL BOOKING WINTER 2020<\/strong><\/h2>\n\n\n\n<p class=\"has-medium-font-size\">IvanI es muy fan de Estados Unidos, as\u00ed que buscaba un cartel con una est\u00e9tica bien yankiee para anunciar que abr\u00eda la agenda para el invierno de 2020.<\/p>\n\n\n\n<p class=\"has-medium-font-size\">Quisimos representarlo con un s\u00edmbolo nacional com lo es el T\u00edo Sam llamando a filas.<\/p>\n\n\n\n<p class=\"has-medium-font-size\">El objetivo era captar la atenci\u00f3n de manera inmediata y reflejar la actitud directa y dedicada del artista, creando una imagen de campa\u00f1a llamativa. Por eso mismo, en el centro del dise\u00f1o, aparece Tio Sam se\u00f1alando directamente al espectador, transimitiendo energia, cercania y que te est\u00e1 hablando a t\u00ed.<\/p>\n<\/div><\/div>\n\n\n\n<h3 class=\"wp-block-heading has-large-font-size\"><strong>PROCESO CREATIVO<\/strong><\/h3>\n\n\n\n<p class=\"has-medium-font-size\">Nos inspiramos en el ic\u00f3nico cartel de James Montgomery de 1917, que llamaba a nuevos soldados al ej\u00e9rcito.&nbsp; Decidimos darle un giro moderno, manteniendo esa est\u00e9tica cl\u00e1sica. En lugar de la legendaria frase <em>I want you for U.S. Army<\/em>, a\u00f1adimos el nombre del artista, que ya encabezaba la agenda de invierno de 2020, junto con sus datos de contacto.<\/p>\n\n\n\n<p class=\"has-medium-font-size\">Para que la informaci\u00f3n del DJ destacara, la a\u00f1adimos al cartel junto con un sello de calidad, que invitaba a reservar. El sello, con el sello de american standards, luc\u00eda la frase \u201creserva ya\u201d en la tira del medio.<\/p>\n\n\n\n<p class=\"has-medium-font-size\">Para mantener la est\u00e9tica del cartel, le dimos un toque 3D a la tipograf\u00eda. La \u201csombra\u201d la pintamos del mismo azul que el marco, y las letras, rojas como el otro rect\u00e1ngulo. El logotipo de IvanI y el texto de contacto, los dejamos en el color original del logotipo, un azul oscuro, para que as\u00ed no quitarle protagonismo a lo importante.&nbsp;<\/p>\n\n\n\n<div class=\"wp-block-media-text is-stacked-on-mobile\" style=\"padding-top:var(--wp--preset--spacing--50);padding-bottom:var(--wp--preset--spacing--50)\"><figure class=\"wp-block-media-text__media\"><img loading=\"lazy\" decoding=\"async\" width=\"819\" height=\"1024\" src=\"https:\/\/coraciuraneta.com\/wp-content\/uploads\/2025\/10\/Booking-Whiskey-819x1024.png\" alt=\"Cartel de reservas para invierno de 2021 del DJ IvanI, basado en la etiqueta del Jack Daniel's Honey. En la parte superior aparece el nombre \u201cIvanI\u201d, debajo un dibujo de una abeja, seguido de \u201cDJ &amp; Showman\u201d, \u201c70 cl Whiskey 35%\u201d, \u201cBooking Winter 2021\u201d y los datos de contacto: tel\u00e9fono 609283448 y correo ivani_dj@hotmail.com.\" class=\"wp-image-107 size-full\" srcset=\"https:\/\/coraciuraneta.com\/wp-content\/uploads\/2025\/10\/Booking-Whiskey-819x1024.png 819w, https:\/\/coraciuraneta.com\/wp-content\/uploads\/2025\/10\/Booking-Whiskey-240x300.png 240w, https:\/\/coraciuraneta.com\/wp-content\/uploads\/2025\/10\/Booking-Whiskey-768x960.png 768w, https:\/\/coraciuraneta.com\/wp-content\/uploads\/2025\/10\/Booking-Whiskey.png 1080w\" sizes=\"auto, (max-width: 819px) 100vw, 819px\" \/><\/figure><div class=\"wp-block-media-text__content\">\n<h2 class=\"wp-block-heading\"><strong>CARTEL BOOKING WINTER 2021<\/strong><\/h2>\n\n\n\n<p class=\"has-medium-font-size\">Para la siguiente temporada, el nos inspiramos en la ic\u00f3nica etiqueta de Jack Daniel&#8217;s Honey, para crear un cartel que fuera a vibrar y destacar.<\/p>\n\n\n\n<p class=\"has-medium-font-size\">La idea era representar de alguna forma la fiesta y siendo sinceros, un DJ es la clave para una noche inolvidable. <\/p>\n\n\n\n<p class=\"has-medium-font-size\">Escojimos  la etiqueta de este wiskhy tan especial Jack Daniel&#8217;s Honey para darle un toque \u00fanico y diferenta a nuesto cartel, tal como lo es este whisky. <\/p>\n\n\n\n<p class=\"has-medium-font-size\"><br><\/p>\n<\/div><\/div>\n\n\n\n<h3 class=\"wp-block-heading has-large-font-size\"><strong>PROCESO CREATIVO<\/strong><\/h3>\n\n\n\n<p class=\"has-medium-font-size\">Quer\u00edamos que el cartel fuera la etiqueta de la botella, as\u00ed que nos centramos en lo m\u00e1s representativas y seguimos la misma est\u00e9tica, pero con nuestro toque personal. Como no, no podia faltar la m\u00edtica silueta de la abeja reina, y la decoraci\u00f3n que la acompa\u00f1a. <\/p>\n\n\n\n<p class=\"has-medium-font-size\">En el cartel, a\u00f1adimos el logotipo de IvanI, la informaci\u00f3n de contacto y lo m\u00e1s importante, que abr\u00eda agenda para el invierno de 2021. Jugamos con distintas tipografias, como en la etiqueta original y as\u00ed no perder su esencia. Tambi\u00e9n a\u00f1adimos detalles decorativos, como el tanto porciento de alcohol y los cl de la botella. <\/p>\n\n\n\n<p class=\"has-medium-font-size\">Para darle el toque final, creamos otro cartel m\u00e1s decorativo. Tomamos un cartel publicitario de Jack Daniel&#8217;s con la botella rodeada de abejas, como si fuera la reina y le cambiamos la etiqueta por la de IvanI, haciendo un gran gi\u00f1o a Jack Daniel&#8217;s Honey. <\/p>\n\n\n\n<p class=\"has-medium-font-size\">La idea era subir estas dos im\u00e1genes en un carrusel a Instagram. La imagen de las abejas ser\u00eda la principal, ya que era la m\u00e1s llamativa y si querian poder ver mejor los datos de contato,  pod\u00edan ver la etiqueta entera y de cerca en la segunda imagen. <\/p>\n\n\n\n<p><\/p>\n","protected":false},"excerpt":{"rendered":"<p>Durante dos a\u00f1os consecutivos dise\u00f1\u00e9 los carteles promocionales de invierno para el booking de IvanI, un proyecto enfocado en la promoci\u00f3n de eventos y actuaciones. Cada cartel represent\u00f3 una identidad visual diferente, manteniendo una est\u00e9tica potente y coherente con el estilo que buscaba el artista. Cada cartel es una pieza \u00fanica, nacida de la mente [&hellip;]<\/p>\n","protected":false},"author":1,"featured_media":0,"parent":0,"menu_order":0,"comment_status":"closed","ping_status":"closed","template":"","meta":{"footnotes":""},"class_list":["post-89","page","type-page","status-publish","hentry"],"_links":{"self":[{"href":"https:\/\/coraciuraneta.com\/index.php\/wp-json\/wp\/v2\/pages\/89","targetHints":{"allow":["GET"]}}],"collection":[{"href":"https:\/\/coraciuraneta.com\/index.php\/wp-json\/wp\/v2\/pages"}],"about":[{"href":"https:\/\/coraciuraneta.com\/index.php\/wp-json\/wp\/v2\/types\/page"}],"author":[{"embeddable":true,"href":"https:\/\/coraciuraneta.com\/index.php\/wp-json\/wp\/v2\/users\/1"}],"replies":[{"embeddable":true,"href":"https:\/\/coraciuraneta.com\/index.php\/wp-json\/wp\/v2\/comments?post=89"}],"version-history":[{"count":11,"href":"https:\/\/coraciuraneta.com\/index.php\/wp-json\/wp\/v2\/pages\/89\/revisions"}],"predecessor-version":[{"id":516,"href":"https:\/\/coraciuraneta.com\/index.php\/wp-json\/wp\/v2\/pages\/89\/revisions\/516"}],"wp:attachment":[{"href":"https:\/\/coraciuraneta.com\/index.php\/wp-json\/wp\/v2\/media?parent=89"}],"curies":[{"name":"wp","href":"https:\/\/api.w.org\/{rel}","templated":true}]}}